mine i(-1).
6
Let r(h) be the second derivative of -h**5/4 + h**4/4 + 2*h**3/3 + h**2 - 280*h. Give r(-1).
6
Let d(y) = -2*y**2 - 40*y - 38*y + 4 - 37*y + y**2 + 114*y. Let h be (-1 - -2 - 3) + 2. Determine d(h).
4
Let n(l) = -l**3 + 7*l**2 + 12*l - 5. Suppose 4 = -o, -4*o - 29 + 5 = -d. Give n(d).
27
Let b = 236 + -235. Let v(o) = 43*o**3 + 2*o**2 - o. Determine v(b).
44
Let t(i) = i - 4. Suppose -27 = -4*d + 4*x - x, -3*d - 3*x = -36. What is t(d)?
5
Let w(n) = n**3 - 4*n**2 + 4*n. Let b(v) = 5*v - 7. Let f be b(-3). Let j = f - -25. Give w(j).
3
Let l = 10055 - 10051. Let r(c) = c + 2. Let v(g) = -3. Let z(t) = -3*r(t) - 4*v(t). Calculate z(l).
-6
Let a(s) = -s**3 + 6*s**2 - 5*s + 8. Let i = 384 + -378. Calculate a(i).
-22
Let v(b) = -2*b**3 + 6*b**2 - 12. Let w be v(5). Let a = w + 106. Let s(c) = c**2 + 5*c - 2. Determine s(a).
4
Let u = 39 - 34. Suppose 5*f + 48 = 2*n - 0*n, -5*f = u*n + 55. Let b(x) = -x - 14. Determine b(f).
-4
Let h(z) be the first derivative of z**3/3 + 2*z**2 - z + 2. Let a(j) = -j + 22. Let n be a(0). Suppose 2*k = 6*t - 3*t - n, 5*k - 3*t = -37. Calculate h(k).
4
Let o(q) = -q - 2. Let p be (18/12)/((-3)/(-8)). Suppose -p*x = -0*x. Suppose -b - 5 - 1 = x. Give o(b).
4
Let x(l) be the third derivative of l**9/60480 + l**6/180 + l**5/4 - 24*l**2. Let a(s) be the third derivative of x(s). Determine a(0).
4
Let y be (-2)/(-4)*(2 - 2). Suppose 0 = -y*l - 5*l. Let q(a) be the third derivative of -a**6/120 - a**5/60 - a**4/24 + 7*a**3/6 + 5*a**2 - 62. Calculate q(l).
7
Suppose 3*z - 6 = 4*v - 3, -z + 2 = -v. Suppose 3 + 17 = -z*d. Let s(n) = -n**3 - 3*n**2 + 6*n + 5. Calculate s(d).
-3
Let j(x) = x**2 - 3*x + 1. Let m be (-2)/(-15) + -8 + 815/75. Determine j(m).
1
Suppose 0 = -l - 0*l + 24. Suppose -g + l = 5*a, 0*a + 4*a - g = 12. Let k(f) = -256*f**2 + 3*f + 508*f**2 + f**3 - 256*f**2 - f - 3. Determine k(a).
5
Let b(h) = -h**3 + h**2 + 3*h - 3. Let u be 45/9*(-8)/(-5). Suppose -18*a = -22*a + u. Calculate b(a).
-1
Suppose a - 23 + 11 = 2*d, -3*a - d + 8 = 0. Let v(i) = 8*i**2 + 4*i - 6. Let r(f) = -7*f**2 - 3*f + 5. Let w(j) = 7*r(j) + 6*v(j). Give w(a).
-5
Let o(g) = g + 8. Let s be o(-10). Let d(f) = f**2. Let m(p) = -p**3 + p**2 - 3*p - 2. Let x(b) = 2*d(b) - m(b). Calculate x(s).
-8
Let d(n) = -2*n - 4. Let s(j) = 2*j + 3. Let i(m) = -4*d(m) - 3*s(m). Let w be -5 - (2/6)/(15/45). Give i(w).
-5
Let i(l) be the second derivative of 7*l**6/60 + l**5/60 - l**4/24 + 11*l**2/2 + 35*l. Let j(h) be the first derivative of i(h). Calculate j(1).
14
Let p(s) = -s**2 + 7*s + 3. Let r = -21 - -30. Suppose 4*y = -5*u + 20, -11 = -5*u + r. Let b be 1*5 + (y - -1). Give p(b).
9
Let o(t) = 2*t**2 + 46*t + 49. Suppose 0 = -3*l - 5*r - 15 - 56, 4*r = 3*l + 62. Calculate o(l).
5
Let g(d) = -d**3 - 4*d**2 + 2*d - 6. Let p = 377 + -382. Give g(p).
9
Let w(n) = -n + 1. Let r be -2*(2/10)/(10/(-25)). Determine w(r).
0
Suppose -3*k - 10 = -5*s, 2*s + 2*k - 4 = k. Suppose 28 = -4*m - 2*r - 0*r, s*m + 2*r + 16 = 0. Let c(p) = p + 7. Determine c(m).
1
Let m(l) be the second derivative of 21*l + 7/6*l**3 - 1/12*l**4 - 5/2*l**2 + 0. Give m(4).
7
Let q(n) = 19*n**2 + 7*n - 9. Let x = -22 - -19. Let w(t) = 9*t**2 + 3*t - 4. Let k(v) = x*q(v) + 7*w(v). Let r be (-3 + 3)/3 - -1. Determine k(r).
5
Let x(a) = -2*a**3 + 10*a**2 + a - 1. Let s(p) = -2*p**3 + 11*p**2 + p - 2. Let n(k) = 5*s(k) - 6*x(k). Let d be n(3). Let c(z) = -z**3 + 2*z**2. What is c(d)?
0
Let r(h) be the third derivative of -h**6/72 + h**5/120 + h**3/2 - 2*h**2. Let x(z) be the first derivative of r(z). Let b = 222 + -223. Give x(b).
-6
Let t(r) = -15 - 5*r - 4*r + 6*r. Let i be t(-7). Let a(p) = -p + 2. Calculate a(i).
-4
Let q(v) = 246*v**2 + 15*v - 13 - 121*v**2 - 8 - 123*v**2. Give q(-9).
6
Let v(b) = -458 - 464 + 923 - 5*b. What is v(-1)?
6
Let o be ((-108)/27)/(3/9). Let t(v) = v**3 + 13*v**2 + 11*v - 3. Determine t(o).
9
Let q(g) be the third derivative of -g**5/20 + 25*g**4/24 - g**3/2 - 224*g**2. Give q(8).
5
Let g(m) = 5*m + 1 + 2*m**3 - 2*m + m**2 - 2*m. Let s be -3*(-3 + 2) + (-4)/((-20)/(-25)). Give g(s).
-13
Let y(p) = -347 - 5*p + 347. Let z(f) = -f**2 - 2*f. Let k be z(-3). Calculate y(k).
15
Let s be -4 - 42/(-4 + -3). Let u(t) be the second derivative of -1/6*t**3 + 1/20*t**5 - t + 0 - 3/2*t**s + 1/12*t**4. Determine u(0).
-3
Suppose 5*i = 2*n - 40, 4*i + 10*n - 6*n = -32. Let w(u) = u**2 + 11*u + 8. Determine w(i).
-16
Let u(f) be the first derivative of f**3/3 - 3*f**2/2 - 6*f + 74. Give u(7).
22
Let t be 135/18 + -14 - 1/2. Let c(y) = -y**3 - 9*y**2 - 8*y - 9. Determine c(t).
-51
Suppose -787*y + 763*y = 24. Let w(j) = 36*j**3 + j**2. Give w(y).
-35
Let u(j) be the second derivative of j**6/720 - 5*j**4/4 + 5*j. Let m(g) be the third derivative of u(g). Calculate m(3).
3
Let g(k) = 3 - 3 + 166*k - 219*k + 2*k**2 + 17 + 7. Calculate g(26).
-2
Let z = -4 + 3. Let h(g) = 427*g + 399*g - 826*g + 3*g**3. What is h(z)?
-3
Suppose 56*m + 23*m = 316. Let f(a) be the third derivative of -a**5/60 + a**4/8 + 2*a**3/3 + a**2. Give f(m).
0
Let g(h) = 13*h - 1. Let t = 303 + -300. Suppose 5 = -5*d + 20. Suppose d*v = t - 0. What is g(v)?
12
Let w(i) = -i**3 + i**2 - i - 1. Let o(q) = 2*q**3 + 11*q**2 - 11*q - 9. Let z(u) = o(u) + w(u). Calculate z(-13).
-23
Let x(q) = -5 + 5308*q**2 + q**3 + 3 - 6*q - 5307*q**2. Give x(-4).
-26
Let q(j) = j**2 - j - 9. Let r(p) = p**3 + 3*p**2 - 6*p - 5. Let l be 2/8 - (-187)/(-44). Let s be r(l). Suppose -c = -s*c. What is q(c)?
-9
Let j(f) = f + 4. Let b = -2 - -4. Let u be 1*10 - (1 + 3). Suppose -2*q = u + b. Give j(q).
0
Let v(z) be the third derivative of -z**6/120 + 7*z**5/60 + z**4/8 + z**3/3 + 320*z**2. Give v(7).
23
Let u(d) = -15*d + 24 - 4 + 6*d + 8*d - 1. What is u(8)?
11
Let q(f) = 6 - 7 + 2 - 145*f + 139*f. Give q(6).
-35
Suppose 4*p + 6*x + 12 = 2*x, 3*p - 5*x - 15 = 0. Let h(r) be the first derivative of r**2/2 - 5*r + 2799. Determine h(p).
-5
Let g(x) be the third derivative of -4*x + 1/120*x**6 + 1/8*x**4 - x**3 + x**2 - 1/15*x**5 + 0. Determine g(4).
6
Suppose 4*d = -4*u - 12, -2*d - 13 = u - 6*u. Suppose -f + 2 = 0, 4*x - 3*f = -2*f + 38. Let n(k) = -4 + k**2 - x + 9 + 0*k**2 + 3*k. Give n(d).
-1
Suppose 3*j + 20 = v, 17 = v - 4*j - 8. Let g(n) = n - 9. Let t be g(v). Let z(m) = m**3 + 3*m**2 - 7*m - 5. Give z(t).
7
Let g(f) = 2*f**3 + f. Let j(s) = s**2 - 33*s + 91. Let c be j(30). Calculate g(c).
3
Let w(d) = 1. Let b(m) = -m**2 - 8*m - 13. Let f be 45/(-3)*(-4)/10. Let c be (-10)/f - 6/(-9). Let i(r) = c*b(r) - 6*w(r). Calculate i(-5).
-8
Let p(o) be the third derivative of -o**5/30 - 3*o**4/8 + o**3 - 184*o**2 - 1. Calculate p(-5).
1
Let m(i) = i - 1. Let j(u) = -2*u + 12. Let v(z) = -j(z) - 6*m(z). Suppose -2*q - 4*o = q - 17, 0 = -4*o - 16. Suppose -8*s = 21 + q. Give v(s).
10
Let p(q) = q**2 + 2*q - 1. Let m = -11 - -21. Suppose -m*j = -2*j - 8. Determine p(j).
2
Let n(r) be the third derivative of -r**4/24 + 7*r**3/6 - 98*r**2. Determine n(5).
2
Suppose 3*g - 48 = 3*d, 0*d - d - 46 = 5*g. Let j be (-6)/d + (-132)/(-28). Let t(k) = 2 + 5 - 6 + j + k. Calculate t(-6).
0
Let t(r) = r + 9. Let y be t(-7). Let c be (5/2)/(15/30). Suppose -10 + 0 = -q + m, c*q - 15 = -y*m. Let p(l) = -l**3 + 5*l**2 + 6. Calculate p(q).
6
Let r = 0 - -3. Suppose -3*y = x - 7, 0 = 2*x - 4*x - 4*y + 12. Suppose r*h - 6 + 1 = -2*j, -x*h = -5*j - 22. Let u(o) = 3*o + 2. Give u(h).
11
Let q = 390 + -391. Let b(u) be the first derivative of 3*u**2/2 - 1. Determine b(q).
-3
Let n be 1 - (15/(-18))/((-23)/138). Let c(a) be the second derivative of -a**4/12 - 2*a**3/3 - a**2/2 + a. Determine c(n).
-1
Let r(v) be the first derivative of v**2/2 + 11*v + 745. Calculate r(8).
19
Let c(z) = -5*z - 54. Let q be c(-12). Suppose -10*p + q*p = 12. Let b(o) = 3*o**2 + o + 1. Let g(r) = -r**2 + r. Let y(d) = -b(d) - 2*g(d). What is y(p)?
-1
Suppose -3*f + 20 = f - 3*q, 0 = -2*f - 2*q - 4. Suppose -5*u = -u. Let v(b) = 2*b**2 - 5*b**2 + 1 + u*b**2 - b**3 + 2*b**3. What is v(f)?
-3
Let i(d) = d + 1. Let b be -1*(3 + -12 + 10). Determine i(b).
0
Let t(a) = a**3 - 5*a**2. Let f = -32 + 37. Let w be 7 + (2 - f) - -1. Give t(w).
0
Let d(q) be the second derivative of 17*q - 1/12*q**4 + q**2 + q**3 + 0. Determine d(7).
-5
Let v be 8/(4 + -2)*(39 - 38). Let 